5*u**2 - 34*u + 232. Give b(-11).
1
Let p(u) = 6*u**3 - 864*u**2 + 2*u - 272. What is p(144)?
16
Let u(i) = -i**3 - 15*i**2 + 8*i + 54. Give u(-16).
182
Let b(m) = -5*m**2 - 10*m - 11. Calculate b(-4).
-51
Let r(h) = -h - 308. Determine r(18).
-326
Let b(i) = 5*i**2 + 105*i - 57. Calculate b(-25).
443
Let a(m) = -464*m - 16. Calculate a(-1).
448
Let y(s) = -3*s**3 + 43*s**2 - 19*s - 37. Give y(13).
392
Let v(m) = 3*m**2 - 102*m + 44. Give v(34).
44
Let i(s) = s**2 - 51*s - 105. Give i(-2).
1
Let d(j) = -12*j + 37. Determine d(-2).
61
Let w(c) = 379*c + 5662. Give w(-15).
-23
Let d(s) = -s**3 + 97*s**2 - 90*s + 168. Calculate d(96).
744
Let b(c) = -2*c + 281. Determine b(-49).
379
Let h(n) = 132*n - 475. Give h(5).
185
Let x(r) = r**3 - 5*r**2 - 15*r + 7. What is x(6)?
-47
Let a(y) = 5*y**2 - 13*y - 66. Give a(-4).
66
Let x(k) = -78*k - 274. Calculate x(-4).
38
Let n(h) = -h**3 - 13*h**2 - 15*h - 31. Give n(-12).
5
Let v(d) = d**3 - 35*d**2 + 95*d + 27. Determine v(32).
-5
Let g(c) = -6*c**2 + 22*c - 13. What is g(3)?
-1
Let g(n) = n**2 - 42*n + 404. Determine g(15).
-1
Let u(i) = -i**3 + 9*i**2 + 49*i + 17. Give u(13).
-22
Let w(q) = 153*q - 448. What is w(3)?
11
Let x(n) = n**3 - 43*n**2 + 27*n + 622. Calculate x(42).
-8
Let u(d) = d**2 - 93*d - 73. What is u(94)?
21
Let b(w) = w**3 - 8*w**2 - 144*w - 49. Determine b(17).
104
Let r(g) = 3*g**2 - 16*g - 4. What is r(8)?
60
Let l(c) = -29*c**2 + 1329*c + 237. Give l(46).
7
Let l(q) = 1382*q - 9570. Calculate l(7).
104
Let b(q) = -q**3 - 11*q**2 + 150*q + 1505. What is b(-9)?
-7
Let w(h) = h**3 + 54*h**2 + 41*h - 628. Calculate w(-53).
8
Let m(v) = -v**3 + 46*v - 22. Give m(0).
-22
Let s(c) = 7*c + 7. What is s(6)?
49
Let a(c) = 3*c**2 + 88*c + 74. Give a(-31).
229
Let q(r) = 2368*r + 11841. Calculate q(-5).
1
Let z(n) = 17*n**2 - 181*n + 427. Calculate z(7).
-7
Let m(r) = 2*r**2 - 50*r + 44. Give m(24).
-4
Let x(s) = -s**3 + 10*s**2 + 6*s + 3. Give x(11).
-52
Let w(k) = -8*k + 124. Calculate w(0).
124
Let s(o) = 6*o**3 + 19*o + 29. Determine s(-2).
-57
Let j(m) = -53*m - 56. What is j(-1)?
-3
Let y(o) = -o**3 - 95*o**2 - 68*o + 2446. Calculate y(-94).
2
Let y(j) = -17*j**2 - 1685*j - 220. Give y(-99).
-22
Let h(q) = -360*q - 4313. What is h(-12)?
7
Let t(s) = 4*s**2 + 18*s + 139. What is t(-9)?
301
Let k(f) = 88*f**3 + f**2 + 3*f - 2. Calculate k(1).
90
Let l(v) = v**3 + 8*v**2 + 11*v - 8. What is l(-9)?
-188
Let m(x) = 47*x**2 + 510*x - 653. Determine m(-12).
-5
Let o(m) = 163*m**3 - m**2 - 3*m - 4. What is o(-1)?
-165
Let l(p) = 20*p + 62. What is l(-8)?
-98
Let q(h) = -h**3 + 10*h**2 + 30*h - 357. Give q(8).
11
Let u(y) = -2*y**2 - 38*y - 164. Give u(-13).
-8
Let c(k) = -5*k**2 - 18*k - 5. Determine c(-5).
-40
Let i(j) = j**2 + 111*j - 958. Determine i(8).
-6
Let l(k) = k**2 - 196*k + 3354. Give l(19).
-9
Let o(x) = 190*x + 2838. Determine o(-15).
-12
Let a(v) = 62*v - 630. Give a(12).
114
Let x(c) = -2*c**2 - 1533*c - 7623. Give x(-5).
-8
Let h(w) = 20*w**3 + 2*w**2 - 6*w - 2. Calculate h(-2).
-142
Let c(f) = -f**3 - 8*f**2 + 17*f - 40. Determine c(-10).
-10
Let z(c) = -4*c**3 + 5*c**2 - 41*c + 123. What is z(3)?
-63
Let b(a) = 1085*a - 24993. What is b(23)?
-38
Let t(d) = 3*d**3 + 2*d**2 - 15*d + 15. What is t(3)?
69
Let m(x) = 25*x. What is m(-13)?
-325
Let k(d) = d**2 - 135*d + 4217. Calculate k(49).
3
Let f(o) = o**2 - 228*o + 1987. What is f(9)?
16
Let p(h) = -h**2 - 6*h + 83. Give p(0).
83
Let w(c) = -9*c**2 - 7*c + 50. Determine w(5).
-210
Let y(u) = -2*u**2 + 49. What is y(-5)?
-1
Let p(n) = -n**2 + 13*n - 14. What is p(4)?
22
Let v(i) = 70*i + 64. What is v(-2)?
-76
Let s(h) = -h**3 - 7*h**2 - 7*h - 37. What is s(-5)?
-52
Let s(i) = -i**2 - 36*i + 89. Calculate s(-15).
404
Let z(g) = -33*g - 1174. Calculate z(-31).
-151
Let g(p) = 201*p + 1212. Determine g(-6).
6
Let f(h) = 3*h**2 - 23*h - 37. What is f(0)?
-37
Let s(u) = 6*u**2 - 316*u + 30. Give s(52).
-178
Let r(j) = 2809*j + 101089. What is r(-36)?
-35
Let d(m) = -924*m + 916. What is d(1)?
-8
Let n(j) = 22*j**3 - 7*j - 8. What is n(-1)?
-23
Let z(b) = -3*b**3 + 23*b**2 + 32*b - 90. Give z(9).
-126
Let k(m) = m**3 - 4*m**2 - 137*m + 24. Determine k(-10).
-6
Let g(o) = 2*o**3 + 7*o**2 + 74*o + 183. Calculate g(-3).
-30
Let u(i) = 1701*i**2 + 3402*i + 2. What is u(-2)?
2
Let k(h) = -5*h**2 + 19*h + 25. What is k(10)?
-285
Let o(w) = -2*w**3 + 28*w**2 - 102*w + 30. What is o(7)?
2
Let f(k) = k**2 - 31*k - 618. Determine f(45).
12
Let r(g) = -2*g**2 + 198*g - 1467. Give r(8).
-11
Let o(d) = -2*d**3 + 115*d**2 - 63*d + 351. Calculate o(57).
9
Let x(t) = -5151*t - 20578. What is x(-4)?
26
Let i(v) = -40*v - 210. Give i(-6).
30
Let d(f) = f**3 + 15*f**2 - 48*f + 38. What is d(-13)?
1000
Let r(s) = -6*s**2 - 34*s + 90. Calculate r(2).
-2
Let o(j) = 3*j**2 - 41*j. Calculate o(11).
-88
Let t(v) = 13*v**2 - 253*v - 142. Determine t(20).
-2
Let d(v) = 17*v**2 + 145*v - 8. What is d(-10)?
242
Let c(h) = 3417*h - 27335. Calculate c(8).
1
Let w(j) = 51*j + 446. What is w(-9)?
-13
Let d(n) = n**3 - 9*n**2 - 183*n - 10. Give d(-8).
366
Let q(c) = -285*c + 66120. What is q(232)?
0
Let q(i) = i**3 + 20*i**2 + 36*i + 70. Give q(-17).
325
Let f(j) = -2*j**3 + 12*j**2 + 29*j + 48. Determine f(8).
24
Let y(w) = w**3 + 20*w**2 - 21*w + 28. Determine y(-21).
28
Let z(p) = p**3 - 40*p**2 - 365*p + 8318. Give z(44).
2
Let u(z) = 17*z + 52. Give u(-7).
-67
Let k(r) = -r**3 + 12*r**2 - 25*r + 197. Give k(11).
43
Let d(h) = 33*h - 4. Give d(3).
95
Let a(g) = -65*g**2 - 106*g + 107. Calculate a(1).
-64
Let j(p) = 2*p**3 - 54*p**2 + p - 40. Determine j(27).
-13
Let m(f) = -2*f**3 - 4*f**2 + 79*f + 298. Determine m(-4).
46
Let d(o) = 12*o + 68. Give d(0).
68
Let y(x) = -30*x - 47. What is y(-2)?
13
Let k(b) = 53*b - 1531. Give k(29).
6
Let b(u) = u**2 + 128*u + 1393. Determine b(-12).
1
Let r(j) = -j**3 + 121*j**2 + 419*j + 156. Give r(-3).
15
Let i(j) = -19*j - 421. Determine i(-24).
35
Let r(i) = 11*i + 105. Determine r(-8).
17
Let f(y) = -42*y**3 - 5*y**2 - 3*y + 5. Give f(1).
-45
Let z(r) = 12*r**2 - 338*r + 1622. Give z(22).
-6
Let f(c) = -c**3 + 22*c**2 + 46*c - 53. Calculate f(24).
-101
Let t(k) = -k**3 + 15*k**2 - 26*k + 42. Give t(13).
42
Let l(w) = w**2 + 24*w + 26. What is l(-5)?
-69
Let b(s) = 1426*s - 15647. Give b(11).
39
Let n(z) = -2*z**2 - 90*z + 798. What is n(8)?
-50
Let a(c) = 715*c**2 - 2858*c - 4. Calculate a(4).
4
Let i(b) = 53*b**3 + b**2 - 1. Calculate i(1).
53
Let j(m) = 12*m + 390. Give j(-37).
-54
Let m(c) = 297*c + 8328. What is m(-28)?
12
Let l(d) = -d**3 - 6*d**2 + 14*d - 19. Give l(-9).
98
Let n(c) = -c**3 - 16*c**2 - 98*c - 474. What is n(-11)?
-1
Let o(c) = -c**3 + 71*c**2 - 151*c + 899. Give o(69).
2
Let h(y) = y**3 - 34*y**2 - 69*y - 70. What is h(36)?
38
Let g(i) = -7*i**3 + 113*i**2 - 18*i + 10. Determine g(16).
-22
Let f(h) = -171*h + 1000. Give f(9).
-539
Let p(t) = 7*t**3 - 15*t**2 - 120*t - 105. Calculate p(-1).
-7
Let v(n) = -24*n - 1834. What is v(-76)?
-10
Let p(o) = -16*o + 147. Give p(-5).
227
Let g(u) = -37073*u - 4. What is g(0)?
-4
Let h(y) = -18*y - 266. Determine h(21).
-644
Let b(a) = 160*a - 876. Determine b(6).
84
Let v(a) = 29*a + 1194. Determine v(-41).
5
Let s(h) = -2*h**2 + 3*h + 35. Calculate s(-4).
-9
Let q(s) = -s**3 - 10*s**2 - 2*s + 12. What is q(-10)?
32
Let p(y) = y**3 + 17*y**2 - 15*y - 44. Calculate p(-18).
-98
Let s(r) = -58*r - 216. Give s(-9).
306
Let f(v) = -v**3 + 6*v**2 - v + 27. Determine f(6).
21
Let q(p) = p**2 - 34*p - 2301. Determine q(-34).
11
Let a(y) = -y**2 - 317*y + 3251. Determine a(10).
-19
Let n(b) = 10*b + 5. Give n(-5).
-45
Let f(b) = -2*b**3 + 47*b**2 - 118*b + 1165. What is f(22)?
21
Let d(r) = -5*r**2 + 6*r + 17. Give d(0).
17
Let k(s) = s**2 + 783*s - 8704. Give k(11).
30
Let d(b) = -189*b - 2109. Determine d(-10).
-219
Let w(s) = -22*s - 173. Give w(-9).
25
Let i(t) = t**3 + 13*t**2 + 16*t + 18. Give i(-12).
-30
Let k(p) = 34*p**2 - 238*p + 13. Calculate k(7).
13
Let i(z) = 34*z**2 + 75*z + 3. Give i(-2).
-11
Let k(a) = -19*a - 190. Calculate k(-9).
-19
Let g(n) = -264*n - 2894. Determine g(-11).
10
Let z(b) = b**3 + 72*b**2 - 148*b - 14. Calculate z(-74).
-14
Let g(y) = y**3 + 22*y**2 + 29*y - 246. What is g(-21)?
-414
Let z(q) = 6425*q - 70647. Calculate z(11).